 8.
4
Calculate the remainder when 60 is divided by 24.
12
What is the remainder when 628 is divided by 21?
19
What is the remainder when 804 is divided by 249?
57
What is the remainder when 6500 is divided by 11?
10
What is the remainder when 732 is divided by 23?
19
What is the remainder when 746 is divided by 52?
18
What is the remainder when 164 is divided by 157?
7
What is the remainder when 6 is divided by 1?
0
Calculate the remainder when 1021 is divided by 59.
18
What is the remainder when 382 is divided by 55?
52
Calculate the remainder when 330 is divided by 112.
106
What is the remainder when 767 is divided by 7?
4
What is the remainder when 780 is divided by 201?
177
Calculate the remainder when 107 is divided by 56.
51
Calculate the remainder when 210 is divided by 54.
48
What is the remainder when 221 is divided by 45?
41
What is the remainder when 409 is divided by 137?
135
Calculate the remainder when 142 is divided by 57.
28
What is the remainder when 136 is divided by 22?
4
Calculate the remainder when 319 is divided by 11.
0
Calculate the remainder when 20 is divided by 12.
8
Calculate the remainder when 394 is divided by 3.
1
What is the remainder when 71 is divided by 20?
11
What is the remainder when 539 is divided by 266?
7
What is the remainder when 203 is divided by 41?
39
What is the remainder when 1122 is divided by 39?
30
What is the remainder when 254 is divided by 28?
2
What is the remainder when 505 is divided by 251?
3
What is the remainder when 3115 is divided by 8?
3
Calculate the remainder when 3194 is divided by 1589.
16
Calculate the remainder when 1376 is divided by 7.
4
What is the remainder when 215 is divided by 23?
8
What is the remainder when 942 is divided by 471?
0
What is the remainder when 168 is divided by 82?
4
What is the remainder when 5917 is divided by 31?
27
Calculate the remainder when 780 is divided by 133.
115
What is the remainder when 915 is divided by 57?
3
Calculate the remainder when 3161 is divided by 7.
4
Calculate the remainder when 165 is divided by 14.
11
What is the remainder when 18698 is divided by 317?
312
Calculate the remainder when 336 is divided by 87.
75
What is the remainder when 432 is divided by 124?
60
What is the remainder when 300 is divided by 17?
11
Calculate the remainder when 236 is divided by 20.
16
What is the remainder when 77 is divided by 49?
28
What is the remainder when 148 is divided by 49?
1
Calculate the remainder when 222 is divided by 25.
22
Calculate the remainder when 2172 is divided by 2157.
15
Calculate the remainder when 287 is divided by 136.
15
Calculate the remainder when 2619 is divided by 48.
27
What is the remainder when 643 is divided by 34?
31
Calculate the remainder when 459 is divided by 184.
91
Calculate the remainder when 25 is divided by 16.
9
What is the remainder when 581 is divided by 226?
129
What is the remainder when 498 is divided by 69?
15
Calculate the remainder when 141 is divided by 16.
13
What is the remainder when 645 is divided by 140?
85
Calculate the remainder when 182 is divided by 100.
82
Calculate the remainder when 47 is divided by 34.
13
Calculate the remainder when 144 is divided by 46.
6
What is the remainder when 190 is divided by 48?
46
Calculate the remainder when 901 is divided by 56.
5
What is the remainder when 151 is divided by 116?
35
Calculate the remainder when 4139 is divided by 45.
44
Calculate the remainder when 7771 is divided by 169.
166
What is the remainder when 47 is divided by 32?
15
Calculate the remainder when 8688 is divided by 53.
49
What is the remainder when 10 is divided by 2?
0
What is the remainder when 1728 is divided by 575?
3
What is the remainder when 925 is divided by 238?
211
Calculate the remainder when 738 is divided by 243.
9
Calculate the remainder when 1554 is divided by 30.
24
Calculate the remainder when 214 is divided by 98.
18
Calculate the remainder when 79 is divided by 17.
11
Calculate the remainder when 4193 is divided by 382.
373
What is the remainder when 62 is divided by 17?
11
Calculate the remainder when 228 is divided by 32.
4
Calculate the remainder when 882 is divided by 869.
13
Calculate the remainder when 293 is divided by 60.
53
Calculate the remainder when 529 is divided by 168.
25
What is the remainder when 1370 is divided by 98?
96
What is the remainder when 469 is divided by 44?
29
What is the remainder when 667 is divided by 21?
16
Calculate the remainder when 186 is divided by 7.
4
Calculate the remainder when 16557 is divided by 9.
6
Calculate the remainder when 3670 is divided by 108.
106
Calculate the remainder when 29 is divided by 2.
1
What is the remainder when 438 is divided by 48?
6
What is the remainder when 1074 is divided by 116?
30
Calculate the remainder when 23 is divided by 6.
5
What is the remainder when 534 is divided by 134?
132
Calculate the remainder when 518 is divided by 29.
25
What is the remainder when 99 is divided by 20?
19
What is the remainder when 1501 is divided by 345?
121
Calculate the remainder when 45 is divided by 44.
1
What is the remainder when 322 is divided by 307?
15
Calculate the remainder when 586 is divided by 31.
28
Calculate the remainder when 140 is divided by 36.
32
What is the remainder when 1192 is divided by 30?
22
What is the remainder when 400 is divided by 67?
65
What is the remainder when 1774 is divided by 127?
123
Calculate the remainder when 1406 is divided by 284.
270
Calculate the remainder when 1030 is divided by 94.
90
What is the remainder when 5334 is divided by 29?
27
Calculate the remainder when 2655 is divided by 83.
82
What is the remainder when 183 is divided by 31?
28
What is the remainder when 101 is divided by 28?
17
What is the remainder when 345 is divided by 25?
20
What is the remainder when 150 is divided by 40?
30
What is the remainder when 116 is divided by 59?
57
What is the remainder when 3678 is divided by 115?
113
What is the remainder when 4992 is divided by 143?
130
Calculate the remainder when 482 is divided by 186.
110
What is the remainder when 113 is divided by 26?
9
Calculate the remainder when 3034 is divided by 31.
27
Calculate the remainder when 208 is divided by 42.
40
Calculate the remainder when 719 is divided by 40.
39
Calculate the remainder when 2485 is divided by 39.
28
What is the remainder when 3294 is divided by 103?
101
Calculate the remainder when 51 is divided by 22.
7
What is the remainder when 2198 is divided by 88?
86
What is the remainder when 105 is divided by 16?
9
What is the remainder when 5507 is divided by 51?
50
What is the remainder when 116 is divided by 107?
9
What is the remainder when 447 is divided by 9?
6
What is the remainder when 18149 is divided by 89?
82
Calculate the remainder when 2149 is divided by 127.
117
What is the remainder when 1128 is divided by 65?
23
Calculate the remainder when 3968 is divided by 27.
26
Calculate the remainder when 253 is divided by 45.
28
What is the remainder when 419 is divided by 28?
27
Calculate the remainder when 100 is divided by 41.
18
Calculate the remainder when 4534 is divided by 902.
24
What is the remainder when 821 is divided by 117?
2
What is the remainder when 16 is divided by 9?
7
Calculate the remainder when 581 is divided by 192.
5
Calculate the remainder when 5394 is divided by 36.
30
Calculate the remainder when 2062 is divided by 7.
4
Calculate the remainder when 111 is divided by 51.
9
Calculate the remainder when 121 is divided by 107.
14
What is the remainder when 284 is divided by 28?
4
Calculate the remainder when 288 is divided by 60.
48
Calculate the remainder when 2504 is divided by 119.
5
Calculate the remainder when 323 is divided by 30.
23
Calculate the remainder when 594 is divided by 17.
16
Calculate the remainder when 210 is divided by 49.
14
Calculate the remainder when 55 is divided by 10.
5
What is the remainder when 1161 is divided by 118?
99
What is the remainder when 2484 is divided by 22?
20
Calculate the remainder when 283 is divided by 24.
19
What is the remainder when 129 is divided by 59?
11
Calculate the remainder when 123 is divided by 20.
3
Calculate the remainder when 99 is divided by 25.
24
Calculate the remainder when 1229 is divided 